 + 1440 = 0, 0 = -2*m - 0*i - 5*i + 562. Let d(f) = -f**3 - 2*f**2 - 10. Let q be d(-4). Calculate the greatest common factor of q and m.
22
Let y(k) = 4*k**3 + k**2 - 2. Let x be -10*4/(-8) + -4. Let g be y(x). What is the highest common divisor of g and 9?
3
Let l = -379 - -396. Calculate the greatest common divisor of 119 and l.
17
Suppose -t + 4 = 3. Let r be (-24)/18*-6*(t + 1). Suppose 0 = 3*l + w - 49, 0*w = l + 2*w - 18. Calculate the highest common factor of r and l.
16
Let r be (1 - 4)/(-6)*6. Suppose 4*c - 14 = -5*p, -3*p + 1 = -p - r*c. Let w be -1 + 4 - 0 - -1. What is the highest common factor of w and p?
2
Let m be (-24)/(-9)*102/8. Let o(y) = y + 27. Let d be o(41). Calculate the greatest common divisor of m and d.
34
Let p = -39 + 46. Suppose 2568 = p*v - 2360. Suppose -v = -3*f - f. What is the highest common factor of f and 16?
16
Let l(p) = 3*p**2 - 7*p + 4. Let r be l(4). Let t = -418 + 450. What is the highest common factor of r and t?
8
Let f = -1547 + 1574. What is the greatest common factor of 4 and f?
1
Suppose h + 0*h + 2*z = 46, 0 = 4*h - 2*z - 234. What is the greatest common factor of h and 504?
56
Suppose 18*l = 11*l + 84. Let y(k) = 4*k**2 - k + 1. Let j be y(1). What is the greatest common factor of l and j?
4
Let l be (-1)/(-3*7/16779). Calculate the highest common factor of l and 47.
47
Let a = 24 + -13. Suppose -2*b = -33 + a. Let l = 49 + -27. What is the greatest common factor of l and b?
11
Let v(d) = -2*d**2 + 10*d + 3. Let k be v(7). Let b = -9 - k. Suppose -404 = -9*r - 116. What is the greatest common divisor of b and r?
16
Let c be 1*-2*(-2 - -1). Suppose 0 = c*b - 19 - 13. Let u be -6 + (17 - 15) - 42*-2. What is the highest common factor of u and b?
16
Suppose -181 = -5*y - 31. Calculate the greatest common divisor of y and 10.
10
Let o(t) = 5*t**2 + 2*t + 2. Suppose 5 = -8*j + 3*j. Let h be o(j). Calculate the highest common factor of h and 35.
5
Let z(f) = -17*f - 135. Let d be z(-8). Let s = -6 - -8. Calculate the highest common divisor of d and s.
1
Let p = 52 + -48. Suppose p*v + 60 = 4*r, r + 3*v + 30 = 3*r. Calculate the greatest common divisor of 240 and r.
15
Suppose 5*s - 3*n = 41 + 250, -135 = -2*s - 5*n. What is the highest common divisor of 30 and s?
30
Suppose 0 = 18*j - 20*j + 84. Let r = j - 8. Let q be (-4)/26 + 223/13. What is the greatest common factor of q and r?
17
Let q be 9/(-6)*20/(-15). Suppose 6 = y - q*y. Let g be (2/y)/((-9)/216). What is the highest common factor of g and 88?
8
Let t(c) = -4*c**2 + 21*c + 23. Let y be t(6). Suppose 4*l - 110 = 270. Calculate the greatest common divisor of y and l.
5
Suppose -22 = -z + 4*g - 9*g, -32 = 4*z - 4*g. Let l be 3/2*(-68)/z. Let t = l - -5. Calculate the highest common factor of t and 13.
13
Let l be (-6)/(-36) - (-46)/12. Suppose 4*d + l*r = 9 + 3, 0 = -r + 1. Let b be (-1)/(-2*(-1)/(-10)). Calculate the greatest common factor of b and d.
1
Suppose -10 = -y - 2*k, 2*k + 0*k = -2. Let m = 6833 + -3753. Let c be 9/((-4)/10 - (-1442)/m). Calculate the highest common factor of c and y.
12
Suppose -45*v + 53*v - 848 = 0. Calculate the greatest common factor of 265 and v.
53
Suppose -14 = 28*u - 182. Calculate the highest common factor of 201 and u.
3
Suppose -40 = -8*g + 3*g. Suppose 3*f + 4*d = 60, 0*f + 31 = f + 5*d. Calculate the greatest common factor of f and g.
8
Suppose 30*t = 20*t + 70. Let w(a) = 10*a**2 - 5*a + 2. Let k be w(3). Calculate the greatest common factor of k and t.
7
Let v(k) = 101*k - 1586. Let h be v(16). Let x(t) = -12*t. Let m be x(-1). Calculate the greatest common factor of m and h.
6
Suppose -2*x = x - 5*j - 145, -3*x + 153 = 3*j. Calculate the highest common divisor of x and 175.
25
Suppose 12*y = 13*y - 31. Calculate the highest common divisor of 341 and y.
31
Let h = 159 + -75. Suppose 0 = -4*d + h + 20. Let r = -111 + 293. What is the greatest common divisor of r and d?
26
Let j = 105 - -119. What is the greatest common divisor of 16 and j?
16
Let d be (-2632)/(-893) - (-2)/38. What is the greatest common factor of 381 and d?
3
Let g(y) = y**2 - 8*y + 19. Let s = 50 + -16. Suppose w + 2 = -4*h - 0*h, 4*w - s = -2*h. Let a be g(w). Calculate the greatest common divisor of 13 and a.
13
Let w(y) = y - 6. Let s be w(6). Suppose s = c - 67 - 3. Suppose 0 = a - 3*a + c. What is the highest common factor of 140 and a?
35
Let w be -4 + (-933)/(-9) + 16/(-24). What is the greatest common factor of w and 55?
11
Suppose -12*a + 7*a - 10 = 0. Let l be (4 - a)/((-2)/(-37)). Calculate the highest common factor of 74 and l.
37
Suppose 3*s + 147 = 2*u, -2*u = -8*s + 6*s - 146. Calculate the greatest common factor of u and 18.
18
Let d(i) = -10*i + 494. Let a be d(48). Calculate the greatest common factor of 826 and a.
14
Let j = -52 - -65. Let c = j - -83. What is the highest common factor of c and 12?
12
Let m(h) = -h**2 + 17*h - 25. Let r be m(11). Suppose 11 = 4*u + y, 5*y + 0 = 4*u - r. What is the highest common factor of 32 and u?
4
Let q(z) = z**3 + 12*z**2 - 19*z - 11. Let g be q(-13). Let u = g + -47. Suppose -u*c - 675 = -25*c. What is the greatest common divisor of 15 and c?
15
Let z = 7 - -17. Suppose 4*g - z = -j, -4*j - g = 4*g - 52. What is the highest common factor of j and 12?
4
Suppose 5*u = 4*i - 10, -3*u + i = -2*i + 9. Suppose 2*d - 4 - u = -2*g, 4*d + 36 = 4*g. Calculate the greatest common divisor of 2 and g.
2
Let v(a) = 2*a**2 + 10*a - 54. Let n be v(-9). Calculate the highest common factor of 81 and n.
9
Suppose 0 = 4*r - 12, -786 = -5*c - 4*r - 109. Let n = c + -93. What is the greatest common factor of n and 8?
8
Suppose -3 = 2*n + w, 5*n - 5*w = -0*w + 15. Suppose n = 9*o - 5 - 22. Calculate the greatest common factor of o and 9.
3
Let v(z) = 5*z**2 - 8*z + 10. Let m be v(2). Let x = 1 - -34. What is the greatest common divisor of m and x?
7
Let g be (-34)/(-51) - (-140)/6. Suppose 7*d - g = 18. Let s(l) = 12*l**2. Let h be s(-2). What is the greatest common factor of h and d?
6
Let b = -32 - -93. Let m be b/(-7) - 8/28. Let l(y) = -2*y - 8. Let u be l(m). What is the highest common divisor of 110 and u?
10
Let i be (-12)/18 + 658/6. Let c = i + -283. Let l be (c/(-3))/(2/3). Calculate the highest common divisor of l and 29.
29
Let z be (1 + (-8)/12)/((-9)/(-594)). Let h be 3 - 3 - 22/(-2). What is the greatest common divisor of h and z?
11
Let a(m) = -m**2 + 14*m + 213. Let x be a(-9). Calculate the greatest common divisor of x and 384.
6
Suppose 1229*l - 1236*l + 7420 = 0. What is the greatest common divisor of l and 80?
20
Suppose -52*g + 64*g = 528. What is the highest common factor of 1892 and g?
44
Let b = -573 - -582. What is the highest common divisor of 87 and b?
3
Let u(x) = x**2 + 8*x + 8. Let h be u(-6). Let p(d) = d**3 + 6*d**2 + 4*d - 4. Let o be p(h). Let z = 45 + -9. What is the highest common factor of o and z?
12
Let t be (-12)/(((-7)/(-24))/(-7)). Suppose 0 = -4*h + 3*h + t. Suppose -5*j + 96 + 64 = 0. What is the greatest common divisor of h and j?
32
Let d(p) = p**3 + p**2 - p + 3. Let o be d(0). Suppose -o*c + 13 = -2*c. Suppose 0 = c*g - 12*g - 35. Calculate the greatest common divisor of 7 and g.
7
Let j be (6/12)/(2/12). Let l be (-128)/6*j/(-2). What is the highest common factor of 16 and l?
16
Let v = 207 - 205. Calculate the greatest common divisor of v and 22.
2
Let s(l) = -36*l + 6. Let o be 3 + ((-4)/(-1) - 8). Let j be s(o). What is the greatest common factor of 28 and j?
14
Suppose 174 = -17*h + 4577. What is the greatest common factor of h and 185?
37
Let j(l) = -2*l + 2. Let k be j(12). Let x = 36 + k. Let p = x + -5. Calculate the greatest common factor of p and 6.
3
Let r be ((-14)/(-35))/(2/130)*4. Calculate the highest common factor of r and 364.
52
Let a(n) = -3*n**3 - 2*n**2 - n - 1. Let w be a(-2). What is the greatest common factor of w and 833?
17
Suppose -59 - 51 = -m + 50. Let b(v) = v**2 + 4. Let s be b(4). What is the greatest common factor of m and s?
20
Let s = 29 + 75. Let r = 49 + -36. What is the greatest common divisor of s and r?
13
Suppose -1017*b = -1024*b + 630. What is the greatest common factor of 40 and b?
10
Let k(o) = -5*o + 45. Suppose 4*i = -b - 35, 2*i = -3*b + 4*i - 35. Let s be k(b). What is the highest common fact